{"id":1910,"date":"2023-12-18T10:42:40","date_gmt":"2023-12-18T13:42:40","guid":{"rendered":"https:\/\/thenriquejoias.com.br\/import\/?page_id=1910"},"modified":"2024-06-26T12:04:14","modified_gmt":"2024-06-26T15:04:14","slug":"contato","status":"publish","type":"page","link":"https:\/\/thenriquejoias.com.br\/import\/contato\/","title":{"rendered":"Contato"},"content":{"rendered":"<div class=\"wpb-content-wrapper\"><p>[vc_section full_width=&#8221;stretch_row&#8221; content_placement=&#8221;middle&#8221; css=&#8221;.vc_custom_1706032829915{background-image: url(https:\/\/thenriquejoias.com.br\/import\/wp-content\/uploads\/2024\/01\/Fundo-Hoome.png?id=2413) !important;background-position: center !important;background-repeat: no-repeat !important;background-size: cover !important;}&#8221;][vc_row][vc_column][vc_custom_heading text=&#8221;<b>Canal de contato<\/b>&#8221; font_container=&#8221;tag:h2|text_align:left|color:%23000000&#8243; use_theme_fonts=&#8221;yes&#8221;][vc_custom_heading text=&#8221;Se voc\u00ea tem perguntas, ideias para colabora\u00e7\u00e3o ou simplesmente deseja se envolver com a Nova SUCESU S\u00e3o Paulo, estamos aqui para ouvir voc\u00ea.<br \/>\nEstamos comprometidos em construir uma comunidade inclusiva e colaborativa, e seu feedback \u00e9 valioso para n\u00f3s.&#8221; font_container=&#8221;tag:p|text_align:left|color:%23000000&#8243; use_theme_fonts=&#8221;yes&#8221;]<div class=\"ult-spacer spacer-6a046f75d3bd3\" data-id=\"6a046f75d3bd3\" data-height=\"30\" data-height-mobile=\"30\" data-height-tab=\"30\" data-height-tab-portrait=\"\" data-height-mobile-landscape=\"\" style=\"clear:both;display:block;\"><\/div>[vc_row_inner][vc_column_inner width=&#8221;1\/2&#8243;]<div class=\"ult-spacer spacer-6a046f75d3bf5\" data-id=\"6a046f75d3bf5\" data-height=\"23\" data-height-mobile=\"23\" data-height-tab=\"23\" data-height-tab-portrait=\"\" data-height-mobile-landscape=\"\" style=\"clear:both;display:block;\"><\/div>[vc_custom_heading text=&#8221;<b>Voc\u00ea pode conversar conosco utilizando o e-mail abaixo.<br \/>\nCompartilhe suas ideias, d\u00favidas e sugest\u00f5es.<\/b>&#8221; font_container=&#8221;tag:p|text_align:left|color:%23000000&#8243; use_theme_fonts=&#8221;yes&#8221;][vc_column_text]<a href=\"mailto:contato@thenriquejoias.com.br\">contato@thenriquejoias.com.br<\/a>[\/vc_column_text][vc_custom_heading text=&#8221;Siga-nos nas redes sociais para receber as \u00faltimas atualiza\u00e7\u00f5es,<br \/>\nnot\u00edcias sobre eventos e informa\u00e7\u00f5es importantes.<\/p>\n<p>Estamos presentes no:&#8221; font_container=&#8221;tag:p|font_size:17|text_align:left|color:%23000000&#8243; use_theme_fonts=&#8221;yes&#8221;]<div class=\"ult-spacer spacer-6a046f75d3c09\" data-id=\"6a046f75d3c09\" data-height=\"10\" data-height-mobile=\"10\" data-height-tab=\"10\" data-height-tab-portrait=\"\" data-height-mobile-landscape=\"\" style=\"clear:both;display:block;\"><\/div>[vc_raw_html]JTNDZGl2JTIwY2xhc3MlM0QlMjJyZWRlcy1zb2NpYWlzJTIwcmVkZXMyJTIyJTNFJTBBJTNDYSUyMGhyZWYlM0QlMjJodHRwcyUzQSUyRiUyRnd3dy5mYWNlYm9vay5jb20lMkZwZW9wbGUlMkZTdWNlc3UtUyUyNUMzJTI1QTNvLVBhdWxvJTJGNjE1NTU2MjA2NDIxMjAlMkYlMjIlMjB0YXJnZXQlM0QlMjJfYmxhbmslMjIlM0UlM0NpbWclMjBzcmMlM0QlMjJodHRwcyUzQSUyRiUyRnRoZW5yaXF1ZWpvaWFzLmNvbS5iciUyRmltcG9ydCUyRndwLWNvbnRlbnQlMkZ1cGxvYWRzJTJGMjAyNCUyRjAxJTJGby1mYWNlYm9vay5wbmclMjIlMjBhbHQlM0QlMjJGYWNlYm9vayUyMiUzRSUzQyUyRmElM0UlMEElMjAlMjAlM0NhJTIwaHJlZiUzRCUyMmh0dHBzJTNBJTJGJTJGd3d3Lmluc3RhZ3JhbS5jb20lMkZzdWNlc3VzYW9wYXVsbyUyRiUzRm5leHQlM0QlMjUyRiUyMiUyMHRhcmdldCUzRCUyMl9ibGFuayUyMiUzRSUzQ2ltZyUyMHNyYyUzRCUyMmh0dHBzJTNBJTJGJTJGdGhlbnJpcXVlam9pYXMuY29tLmJyJTJGaW1wb3J0JTJGd3AtY29udGVudCUyRnVwbG9hZHMlMkYyMDI0JTJGMDElMkZpbnN0YWdyYW0ucG5nJTIyJTIwYWx0JTNEJTIySW5zdGFncmFtJTIyJTNFJTNDJTJGYSUzRSUwQSUzQ2ElMjBocmVmJTNEJTIyaHR0cHMlM0ElMkYlMkZ3d3cubGlua2VkaW4uY29tJTJGY29tcGFueSUyRnN1Y2VzdS1zJTI1QzMlMjVBM28tcGF1bG8lMkZhYm91dCUyRiUzRnZpZXdBc01lbWJlciUzRHRydWUlMjIlMjB0YXJnZXQlM0QlMjJfYmxhbmslMjIlM0UlM0NpbWclMjBzcmMlM0QlMjJodHRwcyUzQSUyRiUyRnRoZW5yaXF1ZWpvaWFzLmNvbS5iciUyRmltcG9ydCUyRndwLWNvbnRlbnQlMkZ1cGxvYWRzJTJGMjAyNCUyRjAxJTJGbGlua2VkaW4tMS5wbmclMjIlMjBhbHQlM0QlMjJMaW5rZWRJbiUyMiUzRSUzQyUyRmElM0UlMEElMjAlMjAlM0NhJTIwaHJlZiUzRCUyMmh0dHBzJTNBJTJGJTJGd3d3LnlvdXR1YmUuY29tJTJGY2hhbm5lbCUyRlVDeDRMUjJrZTB3RXRZSEJNZXJOOEFPQSUyMiUyMHRhcmdldCUzRCUyMl9ibGFuayUyMiUzRSUzQ2ltZyUyMHNyYyUzRCUyMmh0dHBzJTNBJTJGJTJGdGhlbnJpcXVlam9pYXMuY29tLmJyJTJGaW1wb3J0JTJGd3AtY29udGVudCUyRnVwbG9hZHMlMkYyMDI0JTJGMDElMkZ2b2NlLXR1Ym8ucG5nJTIyJTIwYWx0JTNEJTIyWW91dHViZSUyMiUzRSUzQyUyRmElM0UlMEElMjAlMjAlM0NhJTIwaHJlZiUzRCUyMmh0dHBzJTNBJTJGJTJGdHdpdHRlci5jb20lMkZTdWNlc3VzYW9wYXVsbyUyMiUyMHRhcmdldCUzRCUyMl9ibGFuayUyMiUzRSUzQ2ltZyUyMHNyYyUzRCUyMmh0dHBzJTNBJTJGJTJGdGhlbnJpcXVlam9pYXMuY29tLmJyJTJGaW1wb3J0JTJGd3AtY29udGVudCUyRnVwbG9hZHMlMkYyMDI0JTJGMDElMkZ0d2l0dGVyLnBuZyUyMiUyMGFsdCUzRCUyMlglMjIlM0UlM0MlMkZhJTNFJTBBJTNDYSUyMGhyZWYlM0QlMjJodHRwcyUzQSUyRiUyRnd3dy50aWt0b2suY29tJTJGJTQwc3VjZXN1c3AlM0ZsYW5nJTNEcHQtQlIlMjIlMjB0YXJnZXQlM0QlMjJfYmxhbmslMjIlM0UlM0NpbWclMjBzcmMlM0QlMjJodHRwcyUzQSUyRiUyRnRoZW5yaXF1ZWpvaWFzLmNvbS5iciUyRmltcG9ydCUyRndwLWNvbnRlbnQlMkZ1cGxvYWRzJTJGMjAyNCUyRjAxJTJGdGlrdG9rLnBuZyUyMiUyMGFsdCUzRCUyMlRJS1RPSyUyMiUzRSUzQyUyRmElM0UlMEElM0MlMkZkaXYlM0UlMEElMEElMEElMEE=[\/vc_raw_html]<div class=\"ult-spacer spacer-6a046f75d3c1a\" data-id=\"6a046f75d3c1a\" data-height=\"30\" data-height-mobile=\"30\" data-height-tab=\"30\" data-height-tab-portrait=\"\" data-height-mobile-landscape=\"\" style=\"clear:both;display:block;\"><\/div>[\/vc_column_inner][vc_column_inner width=&#8221;1\/2&#8243;]<div class=\"wpforms-container wpforms-container-full wpforms-render-modern\" id=\"wpforms-2188\"><form id=\"wpforms-form-2188\" class=\"wpforms-validate wpforms-form wpforms-ajax-form\" data-formid=\"2188\" method=\"post\" enctype=\"multipart\/form-data\" action=\"\/import\/wp-json\/wp\/v2\/pages\/1910\" data-token=\"d579c4b9f349e6d58af59a2575b5051b\"><noscript class=\"wpforms-error-noscript\">Ative o JavaScript no seu navegador para preencher este formul\u00e1rio.<\/noscript><div class=\"wpforms-hidden\" id=\"wpforms-error-noscript\">Ative o JavaScript no seu navegador para preencher este formul\u00e1rio.<\/div><div class=\"wpforms-field-container\"><div id=\"wpforms-2188-field_0-container\" class=\"wpforms-field wpforms-field-name wpforms-one-half wpforms-first\" data-field-id=\"0\"><label class=\"wpforms-field-label wpforms-label-hide\" for=\"wpforms-2188-field_0\" aria-hidden=\"false\">Nome <span class=\"wpforms-required-label\" aria-hidden=\"true\">*<\/span><\/label><input type=\"text\" id=\"wpforms-2188-field_0\" class=\"wpforms-field-large wpforms-field-required\" name=\"wpforms[fields][0]\" placeholder=\"Nome\" aria-errormessage=\"wpforms-2188-field_0-error\" required><\/div><div id=\"wpforms-2188-field_3-container\" class=\"wpforms-field wpforms-field-number wpforms-one-half wpforms-first\" data-field-id=\"3\"><label class=\"wpforms-field-label wpforms-label-hide\" for=\"wpforms-2188-field_3\" aria-hidden=\"false\">N\u00fameros <span class=\"wpforms-required-label\" aria-hidden=\"true\">*<\/span><\/label><input type=\"number\" pattern=\"\\d*\" id=\"wpforms-2188-field_3\" class=\"wpforms-field-large wpforms-field-required\" name=\"wpforms[fields][3]\" placeholder=\"Telefone\" aria-errormessage=\"wpforms-2188-field_3-error\" required><\/div><div id=\"wpforms-2188-field_1-container\" class=\"wpforms-field wpforms-field-email wpforms-one-half wpforms-first\" data-field-id=\"1\"><label class=\"wpforms-field-label wpforms-label-hide\" for=\"wpforms-2188-field_1\" aria-hidden=\"false\">E-mail <span class=\"wpforms-required-label\" aria-hidden=\"true\">*<\/span><\/label><input type=\"email\" id=\"wpforms-2188-field_1\" class=\"wpforms-field-large wpforms-field-required\" name=\"wpforms[fields][1]\" placeholder=\"E-mail\" spellcheck=\"false\" aria-errormessage=\"wpforms-2188-field_1-error\" required><\/div><div id=\"wpforms-2188-field_4-container\" class=\"wpforms-field wpforms-field-text wpforms-one-half wpforms-first\" data-field-id=\"4\"><label class=\"wpforms-field-label wpforms-label-hide\" for=\"wpforms-2188-field_4\" aria-hidden=\"false\">Campanha<\/label><input type=\"text\" id=\"wpforms-2188-field_4\" class=\"wpforms-field-large\" name=\"wpforms[fields][4]\" placeholder=\"Campanha\" aria-errormessage=\"wpforms-2188-field_4-error\" ><\/div><div id=\"wpforms-2188-field_2-container\" class=\"wpforms-field wpforms-field-textarea caixaMensagem\" data-field-id=\"2\"><label class=\"wpforms-field-label wpforms-label-hide\" for=\"wpforms-2188-field_2\" aria-hidden=\"false\">Coment\u00e1rio ou Mensagem <span class=\"wpforms-required-label\" aria-hidden=\"true\">*<\/span><\/label><textarea id=\"wpforms-2188-field_2\" class=\"wpforms-field-small wpforms-field-required\" name=\"wpforms[fields][2]\" placeholder=\"Sua mensagem\" aria-errormessage=\"wpforms-2188-field_2-error\" required><\/textarea><\/div><\/div><!-- .wpforms-field-container --><div class=\"wpforms-recaptcha-container wpforms-is-hcaptcha\" ><div class=\"g-recaptcha\" data-sitekey=\"8511665a-bae4-4967-9c24-5af292d25321\"><\/div><input type=\"text\" name=\"g-recaptcha-hidden\" class=\"wpforms-recaptcha-hidden\" style=\"position:absolute!important;clip:rect(0,0,0,0)!important;height:1px!important;width:1px!important;border:0!important;overflow:hidden!important;padding:0!important;margin:0!important;\" data-rule-hcaptcha=\"1\"><\/div><div class=\"wpforms-submit-container\" ><input type=\"hidden\" name=\"wpforms[id]\" value=\"2188\"><input type=\"hidden\" name=\"wpforms[author]\" value=\"3\"><button type=\"submit\" name=\"wpforms[submit]\" id=\"wpforms-submit-2188\" class=\"wpforms-submit\" data-alt-text=\"Enviando\u2026\" data-submit-text=\"Enviar\" aria-live=\"assertive\" value=\"wpforms-submit\">Enviar<\/button><img loading=\"lazy\" decoding=\"async\" src=\"https:\/\/thenriquejoias.com.br\/import\/wp-content\/plugins\/wpforms-lite\/assets\/images\/submit-spin.svg\" class=\"wpforms-submit-spinner\" style=\"display: none;\" width=\"26\" height=\"26\" alt=\"Carregando\"><\/div><\/form><\/div>  <!-- .wpforms-container --><div class=\"ult-spacer spacer-6a046f75d43ce\" data-id=\"6a046f75d43ce\" data-height=\"50\" data-height-mobile=\"50\" data-height-tab=\"50\" data-height-tab-portrait=\"\" data-height-mobile-landscape=\"\" style=\"clear:both;display:block;\"><\/div>[\/vc_column_inner][\/vc_row_inner][\/vc_column][\/vc_row][\/vc_section][vc_row full_width=&#8221;stretch_row&#8221; css=&#8221;.vc_custom_1708116604679{background-image: url(https:\/\/thenriquejoias.com.br\/import\/wp-content\/uploads\/2024\/02\/imprensa.png?id=2792) !important;}&#8221;][vc_column][vc_row_inner][vc_column_inner width=&#8221;1\/2&#8243;]<div class=\"ult-spacer spacer-6a046f75d43ea\" data-id=\"6a046f75d43ea\" data-height=\"20\" data-height-mobile=\"0\" data-height-tab=\"0\" data-height-tab-portrait=\"0\" data-height-mobile-landscape=\"0\" style=\"clear:both;display:block;\"><\/div>[vc_custom_heading text=&#8221;<b>Imprensa SUCESU SP <\/b>&#8221; font_container=&#8221;tag:h3|font_size:25|text_align:left|color:%23000000&#8243; use_theme_fonts=&#8221;yes&#8221; css=&#8221;.vc_custom_1708117474087{margin-bottom: 10px !important;}&#8221;]<div class=\"ult-spacer spacer-6a046f75d43ff\" data-id=\"6a046f75d43ff\" data-height=\"10\" data-height-mobile=\"0\" data-height-tab=\"0\" data-height-tab-portrait=\"0\" data-height-mobile-landscape=\"0\" style=\"clear:both;display:block;\"><\/div><div class=\"ult-spacer spacer-6a046f75d4411\" data-id=\"6a046f75d4411\" data-height=\"10\" data-height-mobile=\"0\" data-height-tab=\"0\" data-height-tab-portrait=\"0\" data-height-mobile-landscape=\"0\" style=\"clear:both;display:block;\"><\/div>[vc_custom_heading text=&#8221;<b>MIDIARIA.COM<\/b>&#8221; font_container=&#8221;tag:h4|font_size:16|text_align:left|color:%23000000&#8243; use_theme_fonts=&#8221;yes&#8221;]<div class=\"ult-spacer spacer-6a046f75d4422\" data-id=\"6a046f75d4422\" data-height=\"10\" data-height-mobile=\"0\" data-height-tab=\"0\" data-height-tab-portrait=\"0\" data-height-mobile-landscape=\"0\" style=\"clear:both;display:block;\"><\/div>[vc_custom_heading text=&#8221;<b>Cidiana Pellegrin<\/b>&#8221; font_container=&#8221;tag:h2|font_size:13|text_align:left|color:%23000000&#8243; use_theme_fonts=&#8221;yes&#8221; css=&#8221;.vc_custom_1708117385982{margin-bottom: 0px !important;}&#8221;][vc_column_text css=&#8221;.vc_custom_1708117633584{margin-bottom: 8px !important;}&#8221;]<a href=\"mailto:cidiana.pellegrin@midiaria.com\">cidiana.pellegrin@midiaria.com<\/a>[\/vc_column_text][vc_custom_heading text=&#8221;<b>Paula Fiori<\/b>&#8221; font_container=&#8221;tag:h2|font_size:13|text_align:left|color:%23000000&#8243; use_theme_fonts=&#8221;yes&#8221; css=&#8221;.vc_custom_1708117373269{margin-bottom: 0px !important;}&#8221;][vc_column_text css=&#8221;.vc_custom_1708117645636{margin-bottom: 8px !important;}&#8221;]<a href=\"mailto:paula.fiori@midiaria.com\">paula.fiori@midiaria.com<\/a>[\/vc_column_text][vc_custom_heading text=&#8221;<b>Lucas Lima<\/b>&#8221; font_container=&#8221;tag:h2|font_size:13|text_align:left|color:%23000000&#8243; use_theme_fonts=&#8221;yes&#8221; css=&#8221;.vc_custom_1708117361595{margin-bottom: 0px !important;}&#8221;][vc_column_text css=&#8221;.vc_custom_1708117657622{margin-bottom: 8px !important;}&#8221;]<a href=\"mailto:lucas.lima@midiaria.com\">lucas.lima@midiaria.com<\/a>[\/vc_column_text]<div class=\"ult-spacer spacer-6a046f75d4433\" data-id=\"6a046f75d4433\" data-height=\"10\" data-height-mobile=\"0\" data-height-tab=\"0\" data-height-tab-portrait=\"0\" data-height-mobile-landscape=\"0\" style=\"clear:both;display:block;\"><\/div><div class=\"ult-spacer spacer-6a046f75d4443\" data-id=\"6a046f75d4443\" data-height=\"10\" data-height-mobile=\"0\" data-height-tab=\"0\" data-height-tab-portrait=\"0\" data-height-mobile-landscape=\"0\" style=\"clear:both;display:block;\"><\/div>[vc_btn title=&#8221;+55 (11) 2729-8617&#8243; style=&#8221;classic&#8221; shape=&#8221;round&#8221; color=&#8221;blue&#8221; link=&#8221;url:tel%3A%2B551127298617&#8243;][\/vc_column_inner][vc_column_inner width=&#8221;1\/2&#8243;][vc_single_image image=&#8221;2793&#8243; img_size=&#8221;large&#8221;][\/vc_column_inner][\/vc_row_inner][\/vc_column][\/vc_row][vc_row][vc_column]<div class=\"ult-spacer spacer-6a046f75d4450\" data-id=\"6a046f75d4450\" data-height=\"40\" data-height-mobile=\"40\" data-height-tab=\"40\" data-height-tab-portrait=\"\" data-height-mobile-landscape=\"\" style=\"clear:both;display:block;\"><\/div>[vc_custom_heading text=&#8221;<b>Esteja por dentro das \u00faltimas not\u00edcias.<\/b>&#8221; font_container=&#8221;tag:h3|text_align:left&#8221; use_theme_fonts=&#8221;yes&#8221;]<div class=\"ult-spacer spacer-6a046f75d445b\" data-id=\"6a046f75d445b\" data-height=\"20\" data-height-mobile=\"20\" data-height-tab=\"20\" data-height-tab-portrait=\"\" data-height-mobile-landscape=\"\" style=\"clear:both;display:block;\"><\/div>[vc_basic_grid post_type=&#8221;post&#8221; max_items=&#8221;3&#8243; item=&#8221;basicGrid_TextFirst&#8221; grid_id=&#8221;vc_gid:1719413241882-af41574d-3302-7&#8243;][\/vc_column][\/vc_row]<\/p>\n<\/div>","protected":false},"excerpt":{"rendered":"<p>[vc_section full_width=&#8221;stretch_row&#8221; content_placement=&#8221;middle&#8221; css=&#8221;.vc_custom_1706032829915{background-image: url(https:\/\/thenriquejoias.com.br\/import\/wp-content\/uploads\/2024\/01\/Fundo-Hoome.png?id=2413) !important;background-position: center !important;background-repeat: no-repeat !important;background-size: cover !important;}&#8221;][vc_row][vc_column][vc_custom_heading text=&#8221;Canal de contato&#8221; font_container=&#8221;tag:h2|text_align:left|color:%23000000&#8243; use_theme_fonts=&#8221;yes&#8221;][vc_custom_heading text=&#8221;Se voc\u00ea tem perguntas, ideias para colabora\u00e7\u00e3o ou simplesmente deseja se envolver com a Nova SUCESU S\u00e3o Paulo, estamos aqui para ouvir voc\u00ea. Estamos comprometidos em construir uma comunidade inclusiva e colaborativa, e seu feedback \u00e9 valioso para [&hellip;]<\/p>\n","protected":false},"author":3,"featured_media":0,"parent":0,"menu_order":0,"comment_status":"closed","ping_status":"closed","template":"","meta":{"om_disable_all_campaigns":false,"_monsterinsights_skip_tracking":false,"_monsterinsights_sitenote_active":false,"_monsterinsights_sitenote_note":"","_monsterinsights_sitenote_category":0,"_uf_show_specific_survey":0,"_uf_disable_surveys":false,"footnotes":""},"class_list":["post-1910","page","type-page","status-publish","hentry"],"aioseo_notices":[],"_links":{"self":[{"href":"https:\/\/thenriquejoias.com.br\/import\/wp-json\/wp\/v2\/pages\/1910","targetHints":{"allow":["GET"]}}],"collection":[{"href":"https:\/\/thenriquejoias.com.br\/import\/wp-json\/wp\/v2\/pages"}],"about":[{"href":"https:\/\/thenriquejoias.com.br\/import\/wp-json\/wp\/v2\/types\/page"}],"author":[{"embeddable":true,"href":"https:\/\/thenriquejoias.com.br\/import\/wp-json\/wp\/v2\/users\/3"}],"replies":[{"embeddable":true,"href":"https:\/\/thenriquejoias.com.br\/import\/wp-json\/wp\/v2\/comments?post=1910"}],"version-history":[{"count":30,"href":"https:\/\/thenriquejoias.com.br\/import\/wp-json\/wp\/v2\/pages\/1910\/revisions"}],"predecessor-version":[{"id":2809,"href":"https:\/\/thenriquejoias.com.br\/import\/wp-json\/wp\/v2\/pages\/1910\/revisions\/2809"}],"wp:attachment":[{"href":"https:\/\/thenriquejoias.com.br\/import\/wp-json\/wp\/v2\/media?parent=1910"}],"curies":[{"name":"wp","href":"https:\/\/api.w.org\/{rel}","templated":true}]}}