{"id":1760,"date":"2023-12-15T14:21:30","date_gmt":"2023-12-15T17:21:30","guid":{"rendered":"https:\/\/thenriquejoias.com.br\/import\/?page_id=1760"},"modified":"2024-06-26T09:41:36","modified_gmt":"2024-06-26T12:41:36","slug":"blog","status":"publish","type":"page","link":"https:\/\/thenriquejoias.com.br\/import\/blog\/","title":{"rendered":"Conte\u00fado\u00a0e\u00a0Conhecimento"},"content":{"rendered":"<div class=\"wpb-content-wrapper\"><p>[vc_section full_width=&#8221;stretch_row&#8221; content_placement=&#8221;middle&#8221; css=&#8221;.vc_custom_1706032517167{background-image: url(https:\/\/thenriquejoias.com.br\/import\/wp-content\/uploads\/2024\/01\/Fundo-Hoome.png?id=2413) !important;background-position: center !important;background-repeat: no-repeat !important;background-size: cover !important;}&#8221;][vc_row][vc_column el_class=&#8221;regraMobile&#8221;]<div class=\"ult-spacer spacer-6a046f9870c7b\" data-id=\"6a046f9870c7b\" data-height=\"80\" data-height-mobile=\"0\" data-height-tab=\"0\" data-height-tab-portrait=\"0\" data-height-mobile-landscape=\"0\" style=\"clear:both;display:block;\"><\/div>[vc_custom_heading text=&#8221;<b>Conte\u00fado e Conhecimento<br \/>\n<\/b>&#8221; font_container=&#8221;tag:h2|font_size:22|text_align:left|color:%23000000|line_height:1&#8243; use_theme_fonts=&#8221;yes&#8221;][vc_custom_heading text=&#8221;Nosso blog oficial com not\u00edcias, conselhos de tecnologia e cultura empresarial&#8221; font_container=&#8221;tag:h6|font_size:16|text_align:left|color:%23000000&#8243; use_theme_fonts=&#8221;yes&#8221;][\/vc_column][\/vc_row][vc_row][vc_column el_class=&#8221;regraPc&#8221;]<div class=\"ult-spacer spacer-6a046f9870ccb\" data-id=\"6a046f9870ccb\" data-height=\"80\" data-height-mobile=\"20\" data-height-tab=\"20\" data-height-tab-portrait=\"20\" data-height-mobile-landscape=\"20\" style=\"clear:both;display:block;\"><\/div>[vc_custom_heading text=&#8221;<b>Conte\u00fado e Conhecimento<br \/>\n<\/b>&#8221; font_container=&#8221;tag:h2|text_align:center|color:%23000000&#8243; use_theme_fonts=&#8221;yes&#8221;][vc_custom_heading text=&#8221;Nosso blog oficial com not\u00edcias, conselhos de tecnologia e cultura empresarial&#8221; font_container=&#8221;tag:h6|font_size:15|text_align:center|color:%23000000&#8243; use_theme_fonts=&#8221;yes&#8221;][vc_row_inner][vc_column_inner width=&#8221;2\/3&#8243;]<div class=\"ult-spacer spacer-6a046f9870d05\" data-id=\"6a046f9870d05\" data-height=\"10\" data-height-mobile=\"10\" data-height-tab=\"10\" data-height-tab-portrait=\"\" data-height-mobile-landscape=\"\" style=\"clear:both;display:block;\"><\/div>[vc_single_image image=&#8221;2271&#8243; img_size=&#8221;650&#215;350&#8243; alignment=&#8221;center&#8221; style=&#8221;vc_box_rounded&#8221;]<div class=\"ult-spacer spacer-6a046f9870d2f\" data-id=\"6a046f9870d2f\" data-height=\"20\" data-height-mobile=\"20\" data-height-tab=\"20\" data-height-tab-portrait=\"\" data-height-mobile-landscape=\"\" style=\"clear:both;display:block;\"><\/div>[\/vc_column_inner][vc_column_inner width=&#8221;1\/3&#8243;]<div class=\"ult-spacer spacer-6a046f9870d4d\" data-id=\"6a046f9870d4d\" data-height=\"90\" data-height-mobile=\"5\" data-height-tab=\"5\" data-height-tab-portrait=\"5\" data-height-mobile-landscape=\"5\" style=\"clear:both;display:block;\"><\/div>[vc_custom_heading text=&#8221;<b>As Fronteiras Digitais: O Metaverso<\/b>&#8221; font_container=&#8221;tag:h4|text_align:left|color:%23000000&#8243; use_theme_fonts=&#8221;yes&#8221;][vc_custom_heading text=&#8221;O metaverso \u00e9 um termo que vem ganhando popularidade<br \/>\nnos \u00faltimos anos. Ele \u00e9 definido como um mundo virtual<br \/>\nimersivo que permite \u00e0s pessoas interagirem entre si e<br \/>\ncom objetos virtuais de forma realista.&#8221; font_container=&#8221;tag:h6|font_size:15|text_align:left|color:%23000000|line_height:1.2&#8243; use_theme_fonts=&#8221;yes&#8221;][vc_custom_heading text=&#8221;<b>Ler mais<\/b>&#8221; font_container=&#8221;tag:h6|font_size:15|text_align:left|color:%231e73be&#8221; use_theme_fonts=&#8221;yes&#8221; link=&#8221;url:https%3A%2F%2Fthenriquejoias.com.br%2Fimport%2Fas-fronteiras-digitais-o-metaverso%2F|title:Blog&#8221;][\/vc_column_inner][\/vc_row_inner][\/vc_column][\/vc_row][\/vc_section][vc_section full_width=&#8221;stretch_row&#8221; content_placement=&#8221;middle&#8221; css=&#8221;.vc_custom_1707493236883{background-image: url(https:\/\/thenriquejoias.com.br\/import\/wp-content\/uploads\/2024\/01\/Imagem13-1.png?id=2136) !important;background-position: center !important;background-repeat: no-repeat !important;background-size: cover !important;}&#8221;][vc_row el_class=&#8221;regraPc&#8221;][vc_column width=&#8221;2\/3&#8243;]<div class=\"ult-spacer spacer-6a046f9870d69\" data-id=\"6a046f9870d69\" data-height=\"30\" data-height-mobile=\"10\" data-height-tab=\"10\" data-height-tab-portrait=\"10\" data-height-mobile-landscape=\"10\" style=\"clear:both;display:block;\"><\/div>[vc_custom_heading text=&#8221;<b>\u00daltimas not\u00edcias <\/b>&#8221; font_container=&#8221;tag:h4|text_align:left|color:%23000000&#8243; use_theme_fonts=&#8221;yes&#8221; css=&#8221;.vc_custom_1705848590006{margin-left: 60px !important;}&#8221;][vc_row_inner gap=&#8221;5&#8243;][vc_column_inner width=&#8221;1\/2&#8243; css=&#8221;.vc_custom_1705848565952{margin-left: 60px !important;}&#8221;][vc_single_image image=&#8221;2261&#8243; img_size=&#8221;300&#215;150&#8243;][vc_column_text]<strong>Ciberseguran\u00e7a: O Gerenciamento Cont\u00ednuo de Exposi\u00e7\u00e3o <\/strong><strong>a Amea\u00e7as (CTEM)<\/strong><\/p>\n<p>Imagine a seguran\u00e7a cibern\u00e9tica como um<br \/>\nquebra-cabe\u00e7aem constante transforma\u00e7\u00e3o.<br \/>\nO CTEM \u00e9 a chave para decifrar&#8230;<\/p>\n<p><a href=\"https:\/\/thenriquejoias.com.br\/import\/ciberseguranca-o-gerenciamento-continuo-de-exposicao-a-ameacas-ctem\/\">Ler mais<\/a>[\/vc_column_text][\/vc_column_inner][vc_column_inner width=&#8221;1\/2&#8243;][vc_single_image image=&#8221;2274&#8243; img_size=&#8221;300&#215;150&#8243;][vc_column_text]<strong>Hiperautoma\u00e7\u00e3o: A pr\u00f3xima fronteira da transforma\u00e7\u00e3o digital<\/strong><\/p>\n<p>A pr\u00f3xima fronteira da transforma\u00e7\u00e3o digital<br \/>\nUma das principais tend\u00eancias do mundo<br \/>\ncorporativo nos \u00faltimos anos. As empresas&#8230;<\/p>\n<p><a href=\"https:\/\/thenriquejoias.com.br\/import\/hiperautomacao-a-proxima-fronteira-da-transformacao-digital\/\">Ler mais<\/a>[\/vc_column_text][\/vc_column_inner][\/vc_row_inner][\/vc_column][vc_column width=&#8221;1\/3&#8243;]<div class=\"ult-spacer spacer-6a046f9870d83\" data-id=\"6a046f9870d83\" data-height=\"78\" data-height-mobile=\"1\" data-height-tab=\"1\" data-height-tab-portrait=\"1\" data-height-mobile-landscape=\"1\" style=\"clear:both;display:block;\"><\/div>[vc_btn title=&#8221;Eventos&#8221; style=&#8221;classic&#8221; shape=&#8221;round&#8221; color=&#8221;white&#8221; size=&#8221;sm&#8221; align=&#8221;left&#8221; button_block=&#8221;true&#8221;][vc_btn title=&#8221;Experi\u00eancia do Usu\u00e1rio&#8221; style=&#8221;classic&#8221; shape=&#8221;round&#8221; color=&#8221;white&#8221; size=&#8221;sm&#8221; align=&#8221;left&#8221; button_block=&#8221;true&#8221;][vc_btn title=&#8221;Automa\u00e7\u00e3o&#8221; style=&#8221;classic&#8221; shape=&#8221;round&#8221; color=&#8221;white&#8221; size=&#8221;sm&#8221; align=&#8221;left&#8221; button_block=&#8221;true&#8221;][vc_btn title=&#8221;Inova\u00e7\u00e3o&#8221; style=&#8221;classic&#8221; shape=&#8221;round&#8221; color=&#8221;white&#8221; size=&#8221;sm&#8221; align=&#8221;left&#8221; button_block=&#8221;true&#8221;][vc_btn title=&#8221;Intelig\u00eancia Artificial&#8221; style=&#8221;classic&#8221; shape=&#8221;round&#8221; color=&#8221;white&#8221; size=&#8221;sm&#8221; align=&#8221;left&#8221; button_block=&#8221;true&#8221;][vc_btn title=&#8221;Seguran\u00e7a da Informa\u00e7\u00e3o&#8221; style=&#8221;classic&#8221; shape=&#8221;round&#8221; color=&#8221;white&#8221; size=&#8221;sm&#8221; align=&#8221;left&#8221; button_block=&#8221;true&#8221;]<div class=\"ult-spacer spacer-6a046f9870d98\" data-id=\"6a046f9870d98\" data-height=\"5\" data-height-mobile=\"5\" data-height-tab=\"5\" data-height-tab-portrait=\"\" data-height-mobile-landscape=\"\" style=\"clear:both;display:block;\"><\/div><div class=\"wpforms-container wpforms-container-full wpforms-render-modern\" id=\"wpforms-2139\"><form id=\"wpforms-form-2139\" class=\"wpforms-validate wpforms-form wpforms-ajax-form\" data-formid=\"2139\" method=\"post\" enctype=\"multipart\/form-data\" action=\"\/import\/wp-json\/wp\/v2\/pages\/1760\" data-token=\"f6f79fbdecb02926574600ea2f1bb65f\"><noscript class=\"wpforms-error-noscript\">Ative o JavaScript no seu navegador para preencher este formul\u00e1rio.<\/noscript><div class=\"wpforms-hidden\" id=\"wpforms-error-noscript\">Ative o JavaScript no seu navegador para preencher este formul\u00e1rio.<\/div><div class=\"wpforms-field-container\"><div id=\"wpforms-2139-field_2-container\" class=\"wpforms-field wpforms-field-email\" data-field-id=\"2\"><label class=\"wpforms-field-label wpforms-label-hide\" for=\"wpforms-2139-field_2\" aria-hidden=\"false\">Insira seu e-mail <span class=\"wpforms-required-label\" aria-hidden=\"true\">*<\/span><\/label><input type=\"email\" id=\"wpforms-2139-field_2\" class=\"wpforms-field-large wpforms-field-required\" name=\"wpforms[fields][2]\" placeholder=\"Insira seu e-mail\" spellcheck=\"false\" aria-errormessage=\"wpforms-2139-field_2-error\" required><\/div><\/div><!-- .wpforms-field-container --><div class=\"wpforms-submit-container\" ><input type=\"hidden\" name=\"wpforms[id]\" value=\"2139\"><input type=\"hidden\" name=\"wpforms[author]\" value=\"3\"><button type=\"submit\" name=\"wpforms[submit]\" id=\"wpforms-submit-2139\" class=\"wpforms-submit botaoEnviar\" data-alt-text=\"Enviando...\" data-submit-text=\"Assine nossa Newsletter gr\u00e1tis\" aria-live=\"assertive\" value=\"wpforms-submit\">Assine nossa Newsletter gr\u00e1tis<\/button><img loading=\"lazy\" decoding=\"async\" src=\"https:\/\/thenriquejoias.com.br\/import\/wp-content\/plugins\/wpforms-lite\/assets\/images\/submit-spin.svg\" class=\"wpforms-submit-spinner\" style=\"display: none;\" width=\"26\" height=\"26\" alt=\"Carregando\"><\/div><\/form><\/div>  <!-- .wpforms-container -->[\/vc_column][\/vc_row][vc_row el_class=&#8221;regraMobile&#8221;][vc_column]<div class=\"ult-spacer spacer-6a046f9871587\" data-id=\"6a046f9871587\" data-height=\"78\" data-height-mobile=\"20\" data-height-tab=\"20\" data-height-tab-portrait=\"20\" data-height-mobile-landscape=\"20\" style=\"clear:both;display:block;\"><\/div>[vc_custom_heading text=&#8221;<b>\u00daltimas not\u00edcias <\/b>&#8221; font_container=&#8221;tag:h3|text_align:left|color:%23000000&#8243; use_theme_fonts=&#8221;yes&#8221;][vc_single_image image=&#8221;2261&#8243; img_size=&#8221;300&#215;150&#8243;][vc_custom_heading text=&#8221;<b>Ciberseguran\u00e7a: O Gerenciamento Cont\u00ednuo de Exposi\u00e7\u00e3o a Amea\u00e7as (CTEM) <\/b>&#8221; font_container=&#8221;tag:h4|font_size:16|text_align:left|color:%23000000&#8243; use_theme_fonts=&#8221;yes&#8221;][vc_custom_heading text=&#8221;Imagine a seguran\u00e7a cibern\u00e9tica como um quebra-cabe\u00e7aem constante transforma\u00e7\u00e3o.<br \/>\nO CTEM \u00e9 a chave para decifrar&#8230;&#8221; font_container=&#8221;tag:h6|font_size:15|text_align:left|color:%23000000&#8243; use_theme_fonts=&#8221;yes&#8221;][vc_btn title=&#8221;Leia mais&#8221; style=&#8221;classic&#8221; color=&#8221;white&#8221; link=&#8221;url:https%3A%2F%2Fthenriquejoias.com.br%2Fimport%2Fciberseguranca-o-gerenciamento-continuo-de-exposicao-a-ameacas-ctem%2F&#8221;]<div class=\"ult-spacer spacer-6a046f98715a5\" data-id=\"6a046f98715a5\" data-height=\"78\" data-height-mobile=\"20\" data-height-tab=\"20\" data-height-tab-portrait=\"20\" data-height-mobile-landscape=\"20\" style=\"clear:both;display:block;\"><\/div>[vc_single_image image=&#8221;2274&#8243; img_size=&#8221;300&#215;150&#8243;][vc_custom_heading text=&#8221;<b>Hiperautoma\u00e7\u00e3o: A pr\u00f3xima fronteira da transforma\u00e7\u00e3o digital <\/b>&#8221; font_container=&#8221;tag:h4|font_size:16|text_align:left|color:%23000000&#8243; use_theme_fonts=&#8221;yes&#8221;][vc_custom_heading text=&#8221;A pr\u00f3xima fronteira da transforma\u00e7\u00e3o digital uma das principais tend\u00eancias do mundo corporativo nos \u00faltimos anos. As empresas&#8230;&#8221; font_container=&#8221;tag:h6|font_size:15|text_align:left|color:%23000000&#8243; use_theme_fonts=&#8221;yes&#8221;][vc_btn title=&#8221;Leia mais&#8221; style=&#8221;classic&#8221; color=&#8221;white&#8221; link=&#8221;url:https%3A%2F%2Fthenriquejoias.com.br%2Fimport%2Fhiperautomacao-a-proxima-fronteira-da-transformacao-digital%2F&#8221;]<div class=\"wpforms-container wpforms-container-full wpforms-render-modern\" id=\"wpforms-2139\"><form id=\"wpforms-form-2139\" class=\"wpforms-validate wpforms-form wpforms-ajax-form\" data-formid=\"2139\" method=\"post\" enctype=\"multipart\/form-data\" action=\"\/import\/wp-json\/wp\/v2\/pages\/1760\" data-token=\"f6f79fbdecb02926574600ea2f1bb65f\"><noscript class=\"wpforms-error-noscript\">Ative o JavaScript no seu navegador para preencher este formul\u00e1rio.<\/noscript><div class=\"wpforms-hidden\" id=\"wpforms-error-noscript\">Ative o JavaScript no seu navegador para preencher este formul\u00e1rio.<\/div><div class=\"wpforms-field-container\"><div id=\"wpforms-2139-field_2-container\" class=\"wpforms-field wpforms-field-email\" data-field-id=\"2\"><label class=\"wpforms-field-label wpforms-label-hide\" for=\"wpforms-2139-field_2\" aria-hidden=\"false\">Insira seu e-mail <span class=\"wpforms-required-label\" aria-hidden=\"true\">*<\/span><\/label><input type=\"email\" id=\"wpforms-2139-field_2\" class=\"wpforms-field-large wpforms-field-required\" name=\"wpforms[fields][2]\" placeholder=\"Insira seu e-mail\" spellcheck=\"false\" aria-errormessage=\"wpforms-2139-field_2-error\" required><\/div><\/div><!-- .wpforms-field-container --><div class=\"wpforms-submit-container\" ><input type=\"hidden\" name=\"wpforms[id]\" value=\"2139\"><input type=\"hidden\" name=\"wpforms[author]\" value=\"3\"><button type=\"submit\" name=\"wpforms[submit]\" id=\"wpforms-submit-2139\" class=\"wpforms-submit botaoEnviar\" data-alt-text=\"Enviando...\" data-submit-text=\"Assine nossa Newsletter gr\u00e1tis\" aria-live=\"assertive\" value=\"wpforms-submit\">Assine nossa Newsletter gr\u00e1tis<\/button><img loading=\"lazy\" decoding=\"async\" src=\"https:\/\/thenriquejoias.com.br\/import\/wp-content\/plugins\/wpforms-lite\/assets\/images\/submit-spin.svg\" class=\"wpforms-submit-spinner\" style=\"display: none;\" width=\"26\" height=\"26\" alt=\"Carregando\"><\/div><\/form><\/div>  <!-- .wpforms-container -->[\/vc_column][\/vc_row][vc_row][vc_column]<div class=\"ult-spacer spacer-6a046f98717fd\" data-id=\"6a046f98717fd\" data-height=\"30\" data-height-mobile=\"1\" data-height-tab=\"1\" data-height-tab-portrait=\"1\" data-height-mobile-landscape=\"1\" style=\"clear:both;display:block;\"><\/div>[\/vc_column][\/vc_row][\/vc_section][vc_section full_width=&#8221;stretch_row&#8221; content_placement=&#8221;middle&#8221; css=&#8221;.vc_custom_1705894228136{background-image: url(https:\/\/thenriquejoias.com.br\/import\/wp-content\/uploads\/2024\/01\/fundo3-2.png?id=2145) !important;background-position: center !important;background-repeat: no-repeat !important;background-size: cover !important;}&#8221;][vc_row el_class=&#8221;regraPc&#8221;][vc_column][vc_row_inner][vc_column_inner width=&#8221;1\/3&#8243;]<div class=\"ult-spacer spacer-6a046f9871835\" data-id=\"6a046f9871835\" data-height=\"200\" data-height-mobile=\"1\" data-height-tab=\"1\" data-height-tab-portrait=\"1\" data-height-mobile-landscape=\"1\" style=\"clear:both;display:block;\"><\/div>[vc_custom_heading text=&#8221;<b>Aqui voc\u00ea encontrar\u00e1<\/b>&#8221; font_container=&#8221;tag:p|font_size:12|text_align:left|color:%23000000&#8243; use_theme_fonts=&#8221;yes&#8221;][vc_custom_heading text=&#8221;<b>Confraterniza\u00e7\u00f5es<br \/>\nque saem do modelo<br \/>\ntradicional de eventos<br \/>\ncorporativo de TI.<br \/>\n<\/b>&#8221; font_container=&#8221;tag:h2|font_size:30|text_align:left|color:%23000000|line_height:1.2&#8243; use_theme_fonts=&#8221;yes&#8221;][\/vc_column_inner][vc_column_inner width=&#8221;2\/3&#8243;][vc_single_image image=&#8221;2616&#8243; img_size=&#8221;full&#8221;][\/vc_column_inner][\/vc_row_inner]<div class=\"ult-spacer spacer-6a046f987185d\" data-id=\"6a046f987185d\" data-height=\"50\" data-height-mobile=\"1\" data-height-tab=\"1\" data-height-tab-portrait=\"1\" data-height-mobile-landscape=\"1\" style=\"clear:both;display:block;\"><\/div>[vc_row_inner equal_height=&#8221;yes&#8221; gap=&#8221;20&#8243; css=&#8221;.vc_custom_1706304892479{margin-right: 30px !important;margin-left: 30px !important;}&#8221;][vc_column_inner width=&#8221;1\/3&#8243;][vc_single_image image=&#8221;2629&#8243; img_size=&#8221;full&#8221;][\/vc_column_inner][vc_column_inner width=&#8221;1\/3&#8243;][vc_single_image image=&#8221;2640&#8243; img_size=&#8221;full&#8221;][\/vc_column_inner][vc_column_inner width=&#8221;1\/3&#8243;][vc_single_image image=&#8221;2631&#8243; img_size=&#8221;full&#8221;][\/vc_column_inner][\/vc_row_inner][\/vc_column][\/vc_row][vc_row el_class=&#8221;regraMobile&#8221;][vc_column][vc_row_inner][vc_column_inner][vc_custom_heading text=&#8221;<b>Aqui voc\u00ea encontrar\u00e1<\/b>&#8221; font_container=&#8221;tag:p|font_size:14|text_align:left|color:%23000000&#8243; use_theme_fonts=&#8221;yes&#8221;][vc_single_image image=&#8221;2616&#8243; img_size=&#8221;full&#8221;][vc_custom_heading text=&#8221;<b>Confraterniza\u00e7\u00f5es<br \/>\nque saem do modelo<br \/>\ntradicional de eventos<br \/>\ncorporativo de TI.<br \/>\n<\/b>&#8221; font_container=&#8221;tag:h2|font_size:22|text_align:left|color:%23000000|line_height:1&#8243; use_theme_fonts=&#8221;yes&#8221;][\/vc_column_inner][\/vc_row_inner]<div class=\"ult-spacer spacer-6a046f9871882\" data-id=\"6a046f9871882\" data-height=\"50\" data-height-mobile=\"1\" data-height-tab=\"1\" data-height-tab-portrait=\"1\" data-height-mobile-landscape=\"1\" style=\"clear:both;display:block;\"><\/div>[vc_row_inner equal_height=&#8221;yes&#8221;][vc_column_inner][vc_single_image image=&#8221;2629&#8243; img_size=&#8221;full&#8221;][vc_single_image image=&#8221;2640&#8243; img_size=&#8221;full&#8221;][vc_single_image image=&#8221;2631&#8243; img_size=&#8221;full&#8221;][\/vc_column_inner][\/vc_row_inner][\/vc_column][\/vc_row][\/vc_section]<\/p>\n<\/div>","protected":false},"excerpt":{"rendered":"<p>[vc_section full_width=&#8221;stretch_row&#8221; content_placement=&#8221;middle&#8221; css=&#8221;.vc_custom_1706032517167{background-image: url(https:\/\/thenriquejoias.com.br\/import\/wp-content\/uploads\/2024\/01\/Fundo-Hoome.png?id=2413) !important;background-position: center !important;background-repeat: no-repeat !important;background-size: cover !important;}&#8221;][vc_row][vc_column el_class=&#8221;regraMobile&#8221;][vc_custom_heading text=&#8221;Conte\u00fado e Conhecimento &#8221; font_container=&#8221;tag:h2|font_size:22|text_align:left|color:%23000000|line_height:1&#8243; use_theme_fonts=&#8221;yes&#8221;][vc_custom_heading text=&#8221;Nosso blog oficial com not\u00edcias, conselhos de tecnologia e cultura empresarial&#8221; font_container=&#8221;tag:h6|font_size:16|text_align:left|color:%23000000&#8243; use_theme_fonts=&#8221;yes&#8221;][\/vc_column][\/vc_row][vc_row][vc_column el_class=&#8221;regraPc&#8221;][vc_custom_heading text=&#8221;Conte\u00fado e Conhecimento &#8221; font_container=&#8221;tag:h2|text_align:center|color:%23000000&#8243; use_theme_fonts=&#8221;yes&#8221;][vc_custom_heading text=&#8221;Nosso blog oficial com not\u00edcias, conselhos de tecnologia e cultura empresarial&#8221; font_container=&#8221;tag:h6|font_size:15|text_align:center|color:%23000000&#8243; use_theme_fonts=&#8221;yes&#8221;][vc_row_inner][vc_column_inner width=&#8221;2\/3&#8243;][vc_single_image image=&#8221;2271&#8243; img_size=&#8221;650&#215;350&#8243; [&hellip;]<\/p>\n","protected":false},"author":3,"featured_media":0,"parent":0,"menu_order":0,"comment_status":"closed","ping_status":"closed","template":"","meta":{"om_disable_all_campaigns":false,"_monsterinsights_skip_tracking":false,"_monsterinsights_sitenote_active":false,"_monsterinsights_sitenote_note":"","_monsterinsights_sitenote_category":0,"_uf_show_specific_survey":0,"_uf_disable_surveys":false,"footnotes":""},"class_list":["post-1760","page","type-page","status-publish","hentry"],"aioseo_notices":[],"_links":{"self":[{"href":"https:\/\/thenriquejoias.com.br\/import\/wp-json\/wp\/v2\/pages\/1760","targetHints":{"allow":["GET"]}}],"collection":[{"href":"https:\/\/thenriquejoias.com.br\/import\/wp-json\/wp\/v2\/pages"}],"about":[{"href":"https:\/\/thenriquejoias.com.br\/import\/wp-json\/wp\/v2\/types\/page"}],"author":[{"embeddable":true,"href":"https:\/\/thenriquejoias.com.br\/import\/wp-json\/wp\/v2\/users\/3"}],"replies":[{"embeddable":true,"href":"https:\/\/thenriquejoias.com.br\/import\/wp-json\/wp\/v2\/comments?post=1760"}],"version-history":[{"count":93,"href":"https:\/\/thenriquejoias.com.br\/import\/wp-json\/wp\/v2\/pages\/1760\/revisions"}],"predecessor-version":[{"id":2774,"href":"https:\/\/thenriquejoias.com.br\/import\/wp-json\/wp\/v2\/pages\/1760\/revisions\/2774"}],"wp:attachment":[{"href":"https:\/\/thenriquejoias.com.br\/import\/wp-json\/wp\/v2\/media?parent=1760"}],"curies":[{"name":"wp","href":"https:\/\/api.w.org\/{rel}","templated":true}]}}